n base 10, what is 0 - 30?
-30
In base 16, what is 0 - -30?
30
In base 4, what is -1013 + -1102?
-2121
In base 6, what is -10 - 1001?
-1011
In base 12, what is 138 - -10?
148
In base 11, what is 0 + -1?
-1
In base 12, what is 72 + -6?
68
In base 11, what is 18 - -8?
25
In base 5, what is -1220 - 2?
-1222
In base 8, what is 76 - 13?
63
In base 11, what is 2a93 + 0?
2a93
In base 12, what is -2300 + -4?
-2304
In base 8, what is 0 + 57?
57
In base 12, what is -91b - 0?
-91b
In base 3, what is -11012210 + 0?
-11012210
In base 13, what is 19 + 156?
172
In base 3, what is 121001112 - 1?
121001111
In base 13, what is 3 + 107?
10a
In base 9, what is 173 - 32?
141
In base 16, what is 1b4 - -3?
1b7
In base 11, what is 1165 - 9?
1157
In base 7, what is -42346 - 2?
-42351
In base 16, what is -8b - -3?
-88
In base 12, what is a1 + 58?
139
In base 10, what is 11 - -23?
34
In base 2, what is 11 + 1101110110?
1101111001
In base 4, what is -233 - -1?
-232
In base 5, what is 14 - -334?
403
In base 8, what is -4322 - 5?
-4327
In base 5, what is 12023 - -10?
12033
In base 2, what is -100010110001 + 1?
-100010110000
In base 15, what is 165 + 2?
167
In base 2, what is -100100111 - -1?
-100100110
In base 9, what is 3 - -180?
183
In base 8, what is 3 - 114?
-111
In base 3, what is -220 - -20?
-200
In base 16, what is -19 + 4?
-15
In base 2, what is -1010000110 + 10?
-1010000100
In base 4, what is 0 + 113202?
113202
In base 14, what is -2 - c06?
-c08
In base 7, what is -35 - -1?
-34
In base 11, what is 62 - -3?
65
In base 14, what is -171 - -4?
-16b
In base 2, what is 100110110 + 11?
100111001
In base 2, what is 11 + 100001001001?
100001001100
In base 9, what is -3 - -238?
235
In base 6, what is 0 - -1241?
1241
In base 16, what is 2 + 307?
309
In base 11, what is 95 + -3a?
56
In base 6, what is -1012 - 4?
-1020
In base 9, what is 1 - -3774?
3775
In base 10, what is -8 + -180?
-188
In base 5, what is 1034 - 4?
1030
In base 15, what is -1210 + 2?
-120d
In base 7, what is 4 - -2442?
2446
In base 10, what is -3 + 997?
994
In base 7, what is 5 - 36?
-31
In base 3, what is 202221 + 0?
202221
In base 6, what is -4 - 3053?
-3101
In base 6, what is 34 + -11?
23
In base 8, what is 14 + 172?
206
In base 4, what is 2133 + 11?
2210
In base 13, what is -c1 + -2?
-c3
In base 12, what is -aa + 3?
-a7
In base 15, what is 4 - -877?
87b
In base 5, what is -24034 - -2?
-24032
In base 3, what is -1110 + -221?
-2101
In base 2, what is 1001110 - 11?
1001011
In base 5, what is -41430 - 0?
-41430
In base 4, what is 1301 + 102?
2003
In base 2, what is 110 - -1010101110?
1010110100
In base 16, what is 1 + dbe?
dbf
In base 7, what is 24336 + 3?
24342
In base 16, what is 2 - -280?
282
In base 5, what is 20 - 14?
1
In base 13, what is -1 + -30a?
-30b
In base 7, what is -2 - -10?
5
In base 9, what is 78 + -3?
75
In base 6, what is -1151 - -11?
-1140
In base 8, what is 243 + 5?
250
In base 5, what is -100 - 2004?
-2104
In base 10, what is 141 + 4?
145
In base 6, what is 440314 + -3?
440311
In base 15, what is -2 - -118?
116
In base 4, what is 1 + 32113?
32120
In base 13, what is 20 + -9?
14
In base 16, what is 4 + e5c?
e60
In base 7, what is -23 + 452?
426
In base 6, what is 0 + 1200?
1200
In base 10, what is 40 - 40?
0
In base 10, what is 0 - 448?
-448
In base 2, what is -11110101000011 + -10?
-11110101000101
In base 14, what is -3 - 3?
-6
In base 10, what is -10 - 668?
-678
In base 13, what is -4 - -1c2?
1bb
In base 10, what is -12 + 2?
-10
In base 6, what is 1553 - 5?
1544
In base 10, what is -62 + -87?
-149
In base 11, what is 9 - 1?
8
In base 5, what is -33133 - -3?
-33130
In base 8, what is -2 - -2076?
2074
In base 14, what is 8d3 + 6?
8d9
In base 5, what is -2201 - 120?
-2321
In base 10, what is 4864 - 1?
4863
In base 12, what is -296 + -5?
-29b
In base 15, what is 280 + -6?
279
In base 4, what is 1132 - 13?
1113
In base 8, what is 110 + -3?
105
In base 5, what is -4 + -4341?
-4400
In base 15, what is -1 + 21?
20
In base 2, what is 10 - -11100?
11110
In base 5, what is 111 - -3?
114
In base 4, what is -210111 - 1?
-210112
In base 7, what is 410 + 0?
410
In base 11, what is 1536 - 3?
1533
In base 11, what is -5 - -1406?
1401
In base 5, what is 403103 - -2?
403110
In base 9, what is 4152 + -2?
4150
In base 10, what is -17 - 264?
-281
In base 7, what is -24560 - 5?
-24565
In base 2, what is 11110000010000 + -101?
11110000001011
In base 7, what is 36 + 4?
43
In base 13, what is -5 - -99?
94
In base 2, what is -101 - 1101001011?
-1101010000
In base 3, what is 122 - 12?
110
In base 16, what is 2b48 + -5?
2b43
In base 16, what is -3 + 88?
85
In base 13, what is 4 - 413?
-40c
In base 10, what is 48 - 4?
44
In base 16, what is -6 + -859?
-85f
In base 15, what is -3 + -ae?
-b2
In base 4, what is -112 + 3031?
2313
In base 3, what is 200 - -210?
1110
In base 12, what is 81 - -3?
84
In base 15, what is 4 + 4a7?
4ab
In base 14, what is 44 + 2?
46
In base 8, what is -4 - -115?
111
In base 11, what is 3 + 41?
44
In base 16, what is -641 - 4?
-645
In base 11, what is -1 - 37?
-38
In base 8, what is -2 - -3403?
3401
In base 5, what is 130 + 2?
132
In base 2, what is 1001 + 1101110111?
1110000000
In base 10, what is -3416 - -3?
-3413
In base 14, what is 22 - -26?
48
In base 8, what is 255 + 132?
407
In base 3, what is 122 - 1010?
-111
In base 11, what is -9 - -20?
12
In base 10, what is 95 - -4?
99
In base 9, what is -8 + -228?
-237
In base 11, what is -1a - -a?
-10
In base 12, what is -6a + 5?
-65
In base 10, what is 21 - 237?
-216
In base 15, what is -13 - -3?
-10
In base 6, what is 0 - 2315?
-2315
In base 10, what is -61 + 14?
-47
In base 6, what is 210 + 1021?
1231
In base 4, what is 0 - -332201?
332201
In base 10, what is 4 - -818?
822
In base 16, what is 0 + 6?
6
In base 13, what is -15 - -4?
-11
In base 16, what is -1d - -10?
-d
In base 16, what is -3 + -16?
-19
In base 6, what is -4 - 30?
-34
In base 10, what is 3 - 122?
-119
In base 4, what is -20 + -30?
-110
In base 10, what is -379 + -4?
-383
In base 11, what is -1 + -14?
-15
In base 8, what is -2 + 125?
123
In base 3, what is 1110 - -12?
1122
In base 16, what is 0 - -c?
c
In base 13, what is -23 - 7?
-2a
In base 9, what is -1 + 270?
268
In base 8, what is -2164 + 5?
-2157
In base 11, what is 122 - 6?
117
In base 5, what is -13 + -130?
-143
In base 6, what is 1 + -211?
-210
In base 16, what is -5 - 38?
-3d
In base 9, what is -308 + -2?
-311
In base 5, what is 1 - -10110?
10111
In base 15, what is 1 + 7d?
7e
In base 16, what is 1 - 53?
-52
In base 3, what is 0 + -2010220?
-2010220
In base 14, what is 2 - 17?
-15
In base 15, what is -c76 - 2?
-c78
In base 2, what is 1001 - 110000010?
-101111001
In base 4, what is -11 + 222211?
222200
In base 8, what is -3 - -47?
44
In base 2, what is -1000101 - -110?
-111111
In base 11, what is -6 + 18?
12
In base 7, what is -34 - -3?
-31
In base 16, what is 3 + -3af?
-3ac
In base 11, what is -938 + -2?
-93a
In base 7, what is 4 + -4465?
-4461
In base 7, what is 4 + 31021?
31025
In base 13, what is 19 - 7?
12
In base 5, what is 31 - -113?
144
In base 10, what is -4 - 34?
-38
In base 12, what is 2 - 100?
-ba
In base 3, what is 1021222 - -11?
1022010
In base 9, what is -3 - -302?
288
In base 4, what is 100 - 31?
3
In base 11, what is 5 + 3528?
3532
In base 12, what is 77 + 25?
a0
In base 12, what is -2 + -b4?
-b6
In base 14, what is 0 - -c91?
c91
In base 15, what is -6 + -247?
-24d
In base 7, what is -2 - 33?
-35
In base 8, what is 27232 + -2?
27230
In base 14, what is -c - -1?
-b
In base 5, what is 3410 + 32?
3442
In base 16, what is 60 + 0?
60
In base 2, what is 110 + -10?
100
In base 14, what is 22 - 1a?
6
In base 3, what is 0 + -1001010?
-1001010
In base 6, what is 104 + 4?
112
In base 7, what is 330 + -1?
326
In base 12, what is -40 - 29b?
-31b
In base 8, what is -4 - -3031?
3025
In base 9, what is 2 + -184?
-182
In base 12, what is 0 + -535?
-535
In base 15, what is -47 - -8?
-3e
In base 15, what is -34e - 4?
-353
In base 10, what is -55 + -4?
-59
In base 7, what is -25 + 115?
60
In base 12, what is 52 + -1?
51
In base 5, what is 4120 + 0?
4120
In base 15, what is 0 - 1c04?
-1c04
In base 2, what is 101 - 11?
10
In base 13, what is -5 + 11?
9
In base 6, what is -3 - -30?
23
In base 12, what is 0 + 30a?
30a
In ba